{"id":87,"date":"2018-01-21T22:00:58","date_gmt":"2018-01-21T22:00:58","guid":{"rendered":"http:\/\/konkurs-polem.sarp.warszawa.pl\/?page_id=87"},"modified":"2020-11-24T21:36:02","modified_gmt":"2020-11-24T20:36:02","slug":"nagrody","status":"publish","type":"page","link":"https:\/\/konkurs-zabieniec.sarp.warszawa.pl\/index.php\/nagrody\/","title":{"rendered":"Nagrody"},"content":{"rendered":"\n<p>W konkursie Organizator przewiduje przyznanie Nagr\u00f3d jak nast\u0119puje:<\/p>\n\n\n\n<ol><li>Nagrody pieni\u0119\u017cne:<br><br><strong>I NAGRODA<\/strong><br>kwota pieni\u0119\u017cna w wysoko\u015bci 20\u00a0000,00 z\u0142 brutto<br><br><strong>II NAGRODA<\/strong><br>kwota pieni\u0119\u017cna w wysoko\u015bci 15\u00a0000,00 z\u0142 brutto<br><br><strong>III NAGRODA<\/strong><br>kwota pieni\u0119\u017cna w wysoko\u015bci 10\u00a0000,00 z\u0142 brutto<br><br><\/li><li>Nagroda w postaci zaproszenia do negocjacji w trybie zam\u00f3wienia z wolnej r\u0119ki na wykonanie Przedmiotu zam\u00f3wienia dla Uczestnika Konkursu, kt\u00f3rego praca konkursowa otrzyma\u0142y najwi\u0119ksz\u0105 liczb\u0119 punkt\u00f3w.<br><\/li><li>Nagrody pieni\u0119\u017cne w formie dwu wyr\u00f3\u017cnie\u0144, po 5 000 z\u0142 brutto dla ka\u017cdej wyr\u00f3\u017cnionej pracy konkursowej<br><br>O przyznaniu powy\u017cszych Nagr\u00f3d decyduje S\u0105d konkursowy bior\u0105c pod uwag\u0119 poziom prac konkursowych w kontek\u015bcie spe\u0142nienia przez nie wymog\u00f3w Regulaminu konkursu i kryteri\u00f3w oceny prac konkursowych a w szczeg\u00f3lno\u015bci prezentowanych przez te prace walor\u00f3w architektonicznych i funkcjonalnych.<br>Kwota przeznaczona przez Organizatora na Nagrody pieni\u0119\u017cne i Nagrody pieni\u0119\u017cne w formie wyr\u00f3\u017cnie\u0144 wynosi nie mniej ni\u017c 55 000,00 z\u0142 brutto. Niezale\u017cnie od liczby przyznanych nagr\u00f3d i wyr\u00f3\u017cnie\u0144 kwota ta zostanie obligatoryjnie rozdzielona w ca\u0142o\u015bci w\u015br\u00f3d prac nagrodzonych.<br>S\u0105d Konkursowy nie mo\u017ce zaproponowa\u0107 przyznania wi\u0119kszej liczby Nagr\u00f3d pieni\u0119\u017cnych, jednak\u017ce mo\u017ce zaproponowa\u0107 inn\u0105 wysoko\u015b\u0107 poszczeg\u00f3lnych Nagr\u00f3d pieni\u0119\u017cnych, pod warunkiem, \u017ce \u0142\u0105czna warto\u015b\u0107 tych nagr\u00f3d nie przekroczy kwoty 55 000,00 z\u0142 brutto.<br>Organizator zastrzega mo\u017cliwo\u015b\u0107 niewy\u0142onienia najlepszej pracy lub nieprzyznania poszczeg\u00f3lnych Nagr\u00f3d, gdy zg\u0142oszone prace nie b\u0119d\u0105 odpowiada\u0107 istotnym wymaganiom Regulaminu konkursu.<\/li><\/ol>\n\n\n\n<p><\/p>\n","protected":false},"excerpt":{"rendered":"<p>W konkursie Organizator przewiduje przyznanie Nagr\u00f3d jak nast\u0119puje: Nagrody pieni\u0119\u017cne: I NAGRODAkwota pieni\u0119\u017cna w wysoko\u015bci 20\u00a0000,00 z\u0142 brutto II NAGRODAkwota pieni\u0119\u017cna w wysoko\u015bci 15\u00a0000,00 z\u0142 brutto III NAGRODAkwota pieni\u0119\u017cna w wysoko\u015bci 10\u00a0000,00 z\u0142 brutto Nagroda w postaci zaproszenia do negocjacji<span class=\"ellipsis\">&hellip;<\/span><\/p>\n<div class=\"read-more\"><a href=\"https:\/\/konkurs-zabieniec.sarp.warszawa.pl\/index.php\/nagrody\/\">Czytaj wi\u0119cej <span class=\"screen-reader-text\">Nagrody<\/span><span class=\"meta-nav\"> &#8250;<\/span><\/a><\/div>\n<p><!-- end of .read-more --><\/p>\n","protected":false},"author":1,"featured_media":0,"parent":0,"menu_order":0,"comment_status":"closed","ping_status":"closed","template":"","meta":[],"_links":{"self":[{"href":"https:\/\/konkurs-zabieniec.sarp.warszawa.pl\/index.php\/wp-json\/wp\/v2\/pages\/87"}],"collection":[{"href":"https:\/\/konkurs-zabieniec.sarp.warszawa.pl\/index.php\/wp-json\/wp\/v2\/pages"}],"about":[{"href":"https:\/\/konkurs-zabieniec.sarp.warszawa.pl\/index.php\/wp-json\/wp\/v2\/types\/page"}],"author":[{"embeddable":true,"href":"https:\/\/konkurs-zabieniec.sarp.warszawa.pl\/index.php\/wp-json\/wp\/v2\/users\/1"}],"replies":[{"embeddable":true,"href":"https:\/\/konkurs-zabieniec.sarp.warszawa.pl\/index.php\/wp-json\/wp\/v2\/comments?post=87"}],"version-history":[{"count":14,"href":"https:\/\/konkurs-zabieniec.sarp.warszawa.pl\/index.php\/wp-json\/wp\/v2\/pages\/87\/revisions"}],"predecessor-version":[{"id":552,"href":"https:\/\/konkurs-zabieniec.sarp.warszawa.pl\/index.php\/wp-json\/wp\/v2\/pages\/87\/revisions\/552"}],"wp:attachment":[{"href":"https:\/\/konkurs-zabieniec.sarp.warszawa.pl\/index.php\/wp-json\/wp\/v2\/media?parent=87"}],"curies":[{"name":"wp","href":"https:\/\/api.w.org\/{rel}","templated":true}]}}