{"id":252,"date":"2018-01-21T22:00:21","date_gmt":"2018-01-21T22:00:21","guid":{"rendered":"http:\/\/wp452m.a10-52-158-154.qa.plesk.ru\/wordpress\/?page_id=2"},"modified":"2021-03-03T13:32:52","modified_gmt":"2021-03-03T12:32:52","slug":"regulamin-konkursu","status":"publish","type":"page","link":"https:\/\/konkurs-zabieniec.sarp.warszawa.pl\/index.php\/regulamin-konkursu\/","title":{"rendered":"Regulamin"},"content":{"rendered":"\n<p><strong>02.03.2021r.<\/strong><br>Organizator informuje, i\u017c ze wzgl\u0119du na pewne istotne zmiany wytycznych projektowych wynikaj\u0105ce z odpowiedzi na pytania (Wyja\u015bnienie 2 tre\u015bci Regulaminu konkursu z dnia 26.02.2021r.), zdecydowano si\u0119 na zmian\u0119 terminu sk\u0142adania prac konkursowych<br>Nowy termin sk\u0142adania prac to&nbsp;<strong>07.04.2021r.<\/strong><br>Bior\u0105c tak\u017ce pod uwag\u0119 niepewn\u0105 sytuacj\u0119 zwi\u0105zana z pandemi\u0105 koronawirusa w kraju Organizator postanowi\u0142 tak\u017ce o zmianie sposobu sk\u0142adania prac konkursowych<br>W zwi\u0105zku ze zmian\u0105 sposobu sk\u0142adania&nbsp;prac Organizator wprowadzi\u0142 nowe O\u015bwiadczenie Uczestnika konkursu. O\u015bwiadczenie to stanowi nowy Za\u0142\u0105cznik nr 1e do Regulaminu, kt\u00f3ry po wype\u0142nieniu i podpisaniu nale\u017cy z\u0142o\u017cy\u0107 wraz z kart\u0105 identyfikacyjn\u0105 pracy konkursowej.&nbsp;&nbsp;<\/p>\n\n\n\n<p>W zwi\u0105zku z powy\u017cszymi zmianami Uczestnicy konkursu mog\u0105 sk\u0142ada\u0107 dodatkowe pytania zwi\u0105zane ze zmianami wynikaj\u0105cymi z powy\u017cszego pisma do dnia&nbsp;<strong>12.03.2021r. do godziny 12.00<\/strong>.<\/p>\n\n\n\n<p>Pismo&nbsp;dotycz\u0105ce informacji o zmianie termin\u00f3w Konkursu i sposobu sk\u0142adania prac konkursowych&nbsp; raz nowy Za\u0142\u0105cznik&nbsp;nr 3e do pobrania poni\u017cej.<\/p>\n\n\n\n<p><a rel=\"noreferrer noopener\" href=\"http:\/\/konkurs-zabieniec.sarp.warszawa.pl\/wp-content\/uploads\/2021\/03\/Informacja_o_zmianie_terminu_i_sposobu_skladania_prac_Konkurs_Zabieniec.pdf\" target=\"_blank\">Informacja_o_zmianie_terminu_i_sposobu_skladania_prac_Konkurs_Zabieniec.pdf<\/a><br><a rel=\"noreferrer noopener\" href=\"http:\/\/konkurs-zabieniec.sarp.warszawa.pl\/wp-content\/uploads\/2021\/03\/Zal_1e_do_Regulaminu_Oswiadczenie_Uczestnika_skladanie_prac.docx\" target=\"_blank\">Zal_1e_do_Regulaminu_Oswiadczenie_Uczestnika_skladanie_prac.docx<\/a><\/p>\n\n\n\n<hr class=\"wp-block-separator\"\/>\n\n\n\n<p><a rel=\"noreferrer noopener\" href=\"http:\/\/konkurs-zabieniec.sarp.warszawa.pl\/wp-content\/uploads\/2020\/11\/REGULAMIN_KONKURSU_ZABIENIEC.pdf\" target=\"_blank\">Regulamin konkursu<\/a><br><a rel=\"noreferrer noopener\" href=\"http:\/\/konkurs-zabieniec.sarp.warszawa.pl\/wp-content\/uploads\/2020\/11\/Zalaczniki_Formalne_1_do_6.zip\" target=\"_blank\">Za\u0142\u0105czniki formalne nr 1-6 do Regulaminu Konkursu<\/a><br><a rel=\"noreferrer noopener\" href=\"http:\/\/konkurs-zabieniec.sarp.warszawa.pl\/wp-content\/uploads\/2020\/11\/Zalaczniki_Projektowe_7_8.zip\" target=\"_blank\">Za\u0142\u0105czniki projektowe nr 7-8 do Regulaminu Konkursu<\/a><\/p>\n\n\n\n<p><strong>UWAGA<\/strong><br>W przypadku niemo\u017cliwo\u015bci pobrania powy\u017cszych plik\u00f3w poprzez&nbsp;klikni\u0119cie na link prosimy&nbsp;wykona\u0107 nast\u0119puj\u0105ce&nbsp;dzia\u0142ania:<\/p>\n\n\n\n<p>1. Klikn\u0105\u0107\u00a0na link prawym przyciskiem urz\u0105dzenia wskazuj\u0105cego\u00a0w celu otwarcia\u00a0menu kontekstowego a nast\u0119pnie zaznaczy\u0107 opcj\u0119\u00a0&#8222;otw\u00f3rz w nowym oknie&#8221; lub &#8222;otw\u00f3rz link w nowej karcie&#8221;. W\u00f3wczas plik powinien pobra\u0107 sie automatycznie.<br>lub<br>2. Skorzysta\u0107 do pobrania plik\u00f3w z innej, og\u00f3lnodost\u0119pnej\u00a0\u00a0przegl\u0105darki internetowej\u00a0(np. Edge, Chrome, Firefox itp)<\/p>\n","protected":false},"excerpt":{"rendered":"<p>02.03.2021r.Organizator informuje, i\u017c ze wzgl\u0119du na pewne istotne zmiany wytycznych projektowych wynikaj\u0105ce z odpowiedzi na pytania (Wyja\u015bnienie 2 tre\u015bci Regulaminu konkursu z dnia 26.02.2021r.), zdecydowano si\u0119 na zmian\u0119 terminu sk\u0142adania prac konkursowychNowy termin sk\u0142adania prac to&nbsp;07.04.2021r.Bior\u0105c tak\u017ce pod uwag\u0119 niepewn\u0105<span class=\"ellipsis\">&hellip;<\/span><\/p>\n<div class=\"read-more\"><a href=\"https:\/\/konkurs-zabieniec.sarp.warszawa.pl\/index.php\/regulamin-konkursu\/\">Czytaj wi\u0119cej <span class=\"screen-reader-text\">Regulamin<\/span><span class=\"meta-nav\"> &#8250;<\/span><\/a><\/div>\n<p><!-- end of .read-more --><\/p>\n","protected":false},"author":1,"featured_media":0,"parent":0,"menu_order":0,"comment_status":"closed","ping_status":"open","template":"","meta":[],"_links":{"self":[{"href":"https:\/\/konkurs-zabieniec.sarp.warszawa.pl\/index.php\/wp-json\/wp\/v2\/pages\/252"}],"collection":[{"href":"https:\/\/konkurs-zabieniec.sarp.warszawa.pl\/index.php\/wp-json\/wp\/v2\/pages"}],"about":[{"href":"https:\/\/konkurs-zabieniec.sarp.warszawa.pl\/index.php\/wp-json\/wp\/v2\/types\/page"}],"author":[{"embeddable":true,"href":"https:\/\/konkurs-zabieniec.sarp.warszawa.pl\/index.php\/wp-json\/wp\/v2\/users\/1"}],"replies":[{"embeddable":true,"href":"https:\/\/konkurs-zabieniec.sarp.warszawa.pl\/index.php\/wp-json\/wp\/v2\/comments?post=252"}],"version-history":[{"count":12,"href":"https:\/\/konkurs-zabieniec.sarp.warszawa.pl\/index.php\/wp-json\/wp\/v2\/pages\/252\/revisions"}],"predecessor-version":[{"id":601,"href":"https:\/\/konkurs-zabieniec.sarp.warszawa.pl\/index.php\/wp-json\/wp\/v2\/pages\/252\/revisions\/601"}],"wp:attachment":[{"href":"https:\/\/konkurs-zabieniec.sarp.warszawa.pl\/index.php\/wp-json\/wp\/v2\/media?parent=252"}],"curies":[{"name":"wp","href":"https:\/\/api.w.org\/{rel}","templated":true}]}}